 232 and 122510384.
232
Calculate the greatest common divisor of 98 and 251848387.
49
What is the greatest common divisor of 6552 and 921414?
78
What is the greatest common factor of 170870 and 168280?
70
Calculate the greatest common factor of 693 and 3135027.
21
What is the greatest common factor of 19957320 and 20?
20
Calculate the highest common factor of 21797 and 793288.
307
Calculate the highest common divisor of 1174668 and 79860.
1452
What is the greatest common factor of 2036243608 and 392?
392
What is the highest common divisor of 825683 and 42997?
19
What is the greatest common factor of 8441 and 8037300?
367
Calculate the highest common factor of 21 and 8035468.
7
Calculate the highest common divisor of 238628 and 27274.
26
What is the greatest common factor of 107379 and 41369?
41
What is the highest common divisor of 7636 and 168866?
46
Calculate the highest common factor of 31161 and 1605708.
1833
Calculate the highest common divisor of 731 and 2106699.
43
What is the greatest common divisor of 1594285 and 298455?
505
What is the highest common divisor of 672 and 20538?
42
Calculate the highest common divisor of 975 and 36876775.
325
What is the highest common factor of 1058 and 80038229?
529
What is the greatest common factor of 697620 and 2049740?
1540
What is the greatest common factor of 1632 and 7230528?
96
What is the greatest common divisor of 13532 and 599786?
398
Calculate the highest common factor of 150 and 163217150.
50
Calculate the greatest common divisor of 10 and 13134470.
10
What is the greatest common divisor of 7176 and 1437696?
312
Calculate the highest common divisor of 89000 and 50120.
40
Calculate the greatest common factor of 2622149 and 15499.
1409
What is the greatest common factor of 80105560 and 172?
172
What is the greatest common factor of 72760 and 887240?
40
What is the highest common divisor of 93750 and 3225?
75
What is the highest common factor of 7738858 and 142?
142
Calculate the highest common factor of 202656936 and 903.
129
What is the greatest common divisor of 848627 and 105797?
2251
Calculate the highest common divisor of 359718 and 22879.
167
What is the greatest common factor of 96 and 48965696?
32
What is the highest common divisor of 59920 and 60669?
749
Calculate the highest common factor of 206160 and 1143120.
240
Calculate the greatest common factor of 2652 and 15284802.
1326
Calculate the highest common factor of 9602533 and 746593.
1433
What is the greatest common factor of 54331146 and 72?
18
Calculate the highest common divisor of 112104 and 2268.
324
Calculate the highest common divisor of 62237 and 83932086.
3661
Calculate the greatest common factor of 792671 and 429.
11
Calculate the greatest common factor of 568351 and 8285.
1657
Calculate the highest common factor of 343748 and 1615.
19
What is the greatest common factor of 4866640 and 23368?
1016
What is the highest common divisor of 644 and 39640454?
322
What is the greatest common divisor of 1377 and 3400?
17
What is the greatest common factor of 638 and 17166347?
319
Calculate the greatest common factor of 52522463 and 974.
487
What is the highest common divisor of 641478 and 168606?
1938
What is the highest common factor of 768 and 28888704?
384
What is the highest common divisor of 1815 and 12903924?
363
What is the greatest common factor of 1105 and 11397633?
221
What is the highest common divisor of 28194 and 221556?
222
Calculate the greatest common divisor of 1428 and 9883545.
357
Calculate the greatest common factor of 577728 and 780672.
192
What is the highest common factor of 57989760 and 12?
12
Calculate the highest common divisor of 4771 and 141295.
367
What is the greatest common divisor of 43400 and 19138?
14
Calculate the highest common divisor of 26722800 and 252.
36
Calculate the greatest common factor of 783 and 83278575.
261
What is the greatest common divisor of 233260 and 98100?
2180
What is the greatest common factor of 21483813 and 181779?
3081
What is the greatest common divisor of 545131092 and 88?
44
What is the greatest common factor of 1232257 and 2444?
13
What is the greatest common divisor of 1026 and 18821476?
38
Calculate the highest common factor of 1622538 and 135.
27
Calculate the highest common factor of 155 and 22729045.
155
Calculate the highest common factor of 8910 and 431082.
162
What is the highest common factor of 4572 and 257988?
12
What is the highest common factor of 15682494 and 12621?
1803
Calculate the highest common divisor of 2634891 and 3486.
21
Calculate the greatest common divisor of 45833770 and 80.
10
Calculate the greatest common factor of 1421523 and 3190725.
4401
What is the greatest common divisor of 198560556 and 1262?
1262
Calculate the highest common factor of 720 and 53092128.
48
What is the highest common factor of 8328 and 230981244?
4164
What is the greatest common factor of 190 and 32555398?
38
What is the greatest common factor of 1210 and 94350?
10
Calculate the highest common factor of 122109 and 273104.
1313
What is the greatest common divisor of 53734 and 10050?
134
What is the greatest common divisor of 18 and 230515074?
18
What is the highest common divisor of 216405 and 16821?
189
What is the greatest common divisor of 810693 and 25461?
369
What is the highest common factor of 1689228 and 72?
36
What is the greatest common divisor of 396024 and 41934?
174
What is the highest common factor of 18 and 1405182?
6
Calculate the greatest common factor of 8164675 and 175.
25
Calculate the highest common divisor of 22655131 and 9713.
883
Calculate the highest common divisor of 8594011 and 2781.
103
What is the greatest common divisor of 6128 and 18264504?
3064
What is the highest common divisor of 15 and 20901170?
5
Calculate the highest common factor of 794 and 487044.
2
What is the highest common divisor of 14405218 and 846?
94
What is the highest common factor of 36 and 508156?
4
What is the greatest common divisor of 7394894 and 6253?
481
What is the greatest common divisor of 11766 and 474?
6
Calculate the greatest common divisor of 888766 and 12995805.
3197
Calculate the highest common factor of 594 and 7945377.
33
What is the highest common factor of 38152 and 126755?
251
What is the highest common factor of 40637020 and 20?
20
Calculate the highest common divisor of 78270003 and 1029.
147
Calculate the greatest common divisor of 12 and 205578834.
6
Calculate the greatest common divisor of 1841089448 and 132.
44
What is the greatest common factor of 615 and 73006035?
615
What is the greatest common factor of 3425895 and 2475?
495
What is the highest common factor of 247011 and 449223?
411
What is the highest common factor of 240596442 and 11196?
5598
Calculate the greatest common factor of 20053424 and 368.
368
Calculate the highest common factor of 347392 and 7856.
16
Calculate the greatest common divisor of 19704 and 268728.
24
Calculate the highest common divisor of 1784335 and 90.
5
What is the highest common factor of 204 and 183766668?
204
Calculate the greatest common divisor of 26 and 6845618.
26
Calculate the greatest common factor of 207 and 3049542.
9
Calculate the highest common divisor of 386052 and 634728.
636
Calculate the highest common factor of 1936 and 534512.
176
What is the highest common divisor of 85 and 55235040?
85
Calculate the highest common factor of 155606 and 2354.
22
Calculate the highest common divisor of 33430 and 14270.
10
Calculate the greatest common divisor of 23140972 and 10130.
2026
What is the greatest common factor of 24880 and 93691860?
6220
Calculate the highest common divisor of 8045466 and 1650.
66
Calculate the greatest common divisor of 8025 and 392325.
75
Calculate the highest common divisor of 102627 and 24462.
81
What is the highest common factor of 1875 and 575685?
15
Calculate the greatest common factor of 196867 and 558061.
1627
Calculate the highest common factor of 4122 and 7080138.
18
Calculate the greatest common divisor of 7110 and 125123202.
1422
Calculate the highest common divisor of 7518474 and 16218.
954
Calculate the highest common factor of 64 and 4481904.
16
Calculate the highest common divisor of 4 and 190810.
2
Calculate the greatest common factor of 4641 and 234877916.
1